hen 158 is divided by 3 + 882/12*2?
8
Let z(r) = 0*r + 34*r**2 - 33*r**2 - r - 2 - 1. Let q(k) = -4*k**2 + 31*k + 15. What is the remainder when z(5) is divided by q(8)?
3
Let b(h) = 2*h**3 - 125*h**2 - 195*h + 212. Suppose -16*i + 20*i = 244. Calculate the remainder when i is divided by b(64).
1
Let z(j) = -1429*j - 8516. Calculate the remainder when 73 is divided by z(-6).
15
Suppose -7*p + 7 = -7. Let v(y) = -21 - 269*y**3 + 4*y**p - 270*y**3 + 9*y + 538*y**3. What is the remainder when 22 is divided by v(4)?
7
Let k = 166 + -99. Let l = k + -27. Suppose -l*v = -46*v + 66. What is the remainder when 164 is divided by v?
10
Suppose 119*g = 115*g - 1628. Let a = -383 - g. What is the remainder when 165 is divided by a?
21
Let i(z) = -z**2 - 7*z - 12. Let v be i(-4). Suppose v = 3*h - 4*s - 30, -h = 3*s - 0*s + 3. What is the remainder when 7/((2/(-4))/(-1)) is divided by h?
2
Let y be 4/22 + (2597/77)/7. Suppose 100 = y*r + 90. Suppose 1810 = r*n + 8*n. Calculate the remainder when n is divided by 26.
25
Suppose k = -0*k - 6*i + 363, 5*k + 4*i - 1789 = 0. Calculate the remainder when k is divided by 48.
21
Suppose 0 = k - 6*k + 325. Let q(v) = 2260*v + 31651. Calculate the remainder when k is divided by q(-14).
10
Suppose 929*a = 1012*a - 996. What is the remainder when 430 is divided by a?
10
Suppose 15*x - 20421 = -72*x - 18507. Calculate the remainder when 1 - 1 - -5*10 is divided by x.
6
Let q(m) = -13*m - 244. Let l be q(-19). Let c be (6/(-4))/((-1)/6). Let h = c - l. What is the remainder when 11 is divided by h?
5
Let s(y) = -y**2 - 80*y - 507. Let t be s(-7). Let i = -1 - -2. What is the remainder when -2 + (t - i) - -7 is divided by 4?
0
Let s(x) = 6*x**3 - 2*x**2 + 2*x + 1. Let n be s(2). Calculate the remainder when (-4)/(4/(-53))*1 is divided by 36*5*3/n.
5
Let x be (6/4 - 3)*-226. Let u = -168 + 300. Suppose 0 = 3*w + u - x. What is the remainder when w is divided by 18?
15
Suppose 2*u + 2*h = -h + 61, 5*u + 2*h - 136 = 0. Let g = 851 - 607. Let f = g - 194. What is the remainder when f is divided by u?
24
Let n = -52 - -116. Let s = n + -40. Calculate the remainder when (-4)/(-6) + s/18 is divided by 2.
0
Let s = -260 + 322. What is the remainder when 222 is divided by s?
36
Suppose -h = 5*g - 606, 4*g - h = 1513 - 1021. Suppose -3*n + 5*c = -0*n - 19, 5*c - 20 = 0. Calculate the remainder when g is divided by n.
5
Let g be (2/6)/((-1)/(-939)). Suppose g = 20*h - 1067. Let i = -39 + h. Calculate the remainder when 117 is divided by i.
27
Suppose 12 = -3*y, 0 = 3*b + 3*y - 7*y - 31. Suppose 0*j + 144 = 4*j - 2*a, a + 174 = b*j. Let g = -59 + 227. Calculate the remainder when g is divided by j.
32
Let r = 157 - 149. Let c(p) = -6*p + 62. What is the remainder when 6/15 - (-2040)/25 is divided by c(r)?
12
Suppose 1672 = 210*t - 6675 - 2573. Calculate the remainder when 10187 is divided by t.
47
Let x(d) = -11 - 2*d**2 - 2*d**2 + 6*d**2 - 3*d**2 - 20*d. What is the remainder when 285 is divided by x(-6)?
66
Let m be (-1 - -2)/((3 + -8)/(-10)). Let g = 176 - 24. Suppose -2*y + g = m*y. Calculate the remainder when y is divided by 20.
18
Suppose -107*q - 1742 + 4952 = 0. Calculate the remainder when 564 is divided by q.
24
Suppose -3*b = -4 - 2. Suppose b*h = -0*h - 6. Calculate the remainder when 54 is divided by 1 - (-2 + 59)/h.
14
Suppose 25 = -5*d, -23 = o + 3*d - 63. What is the remainder when (15/30)/(1/138) is divided by o?
14
Let x(o) = -31*o**2 - 3*o + 1. Let y be x(1). Let f be (-7)/(-14)*(-78)/(-3). Let z = f - y. What is the remainder when z is divided by 25?
21
Let g(d) = -485*d - 3873. Calculate the remainder when 57 is divided by g(-8).
1
Let y = -908 - -999. What is the remainder when 739 is divided by y?
11
Suppose 5*j + 5 = 3*u - 8*u, u - 8 = -4*j. Suppose 0 = j*o + 5*x - 3*x + 119, -3*x - 123 = 3*o. Let q = 83 + o. What is the remainder when q is divided by 4?
2
Let g = 360 + -222. What is the remainder when (-2)/8 - g/(-8) is divided by 235/45 + 6/(-27)?
2
Suppose -1 = -2*d + 175. What is the remainder when 43 is divided by (-6)/33 - (-5 - 2128/d)?
14
Suppose f + 173 - 574 = 0. Suppose 5*t = -4*z + 651, 3*t - 6*t + f = 5*z. Let a(k) = -2*k - 10. What is the remainder when t is divided by a(-13)?
15
Suppose 0 = 4*z - 4*h - 384, -z = -18*h + 16*h - 96. What is the remainder when z is divided by (-4 - -4 - -1) + 10 + 0?
8
Let z = 1 + -108. Let l = z - -174. Calculate the remainder when l is divided by 4.
3
Let k(l) = -l**2 + 54*l - 393. Calculate the remainder when 937 is divided by k(10).
44
Suppose -5*g - 2*l + 223 = 0, -1023*g = -1028*g + l + 241. Let a = 44 + -31. What is the remainder when g is divided by a?
8
Let t = -8388 + 9868. Calculate the remainder when t is divided by 26.
24
Let q = -651 + 675. Suppose q*k - 1855 = 713. Calculate the remainder when k is divided by 18.
17
Let l be (-188)/6*-13*(-51)/34. Let m = -470 - l. What is the remainder when m is divided by 12?
9
Let s(z) be the second derivative of z**4/12 + z**3/6 + 13*z**2/2 - 9*z. Suppose -j - 22 + 46 = 0. What is the remainder when j is divided by s(0)?
11
Let i(o) = 6*o - 19. Let x be i(20). Suppose -x = -5*z - 2*p, -33*z + 2*p = -29*z - 70. What is the remainder when 79 is divided by z?
3
Let t = -28 + 44. Suppose -c - 4*s = -t, 0*c - 4*s + 88 = 4*c. Suppose -23*m - 22 = -c*m. Calculate the remainder when m is divided by 2.
0
What is the remainder when 1/(-3) + (-541200)/(-225) is divided by 8?
5
Let q(p) = -p**3 - 33*p**2 - 34*p - 17. What is the remainder when 52 is divided by q(-32)?
5
Calculate the remainder when 9071 is divided by (-39)/((-10)/((-40)/(-4))) - 10.
23
What is the remainder when 224 is divided by -18 - (-8022)/35 - (-20)/25?
12
Suppose -11*b + 333 + 305 = 18*b. What is the remainder when 2 - (-2 + -1 + -47) is divided by b?
8
Suppose x + 111 = 2*h, 3*h = 3*x - 71 + 242. Suppose 139*l - 177*l - 18096 = -125*l. Calculate the remainder when l is divided by h.
46
Let s = -290 - -313. Calculate the remainder when 825 is divided by s.
20
What is the remainder when 7125 is divided by 324/(-16)*((-11)/3 + 1)?
51
Let b be 39/((-6)/(-2)) - 5. Suppose -12*p = -b*p - 8. Suppose j = -2*j + 4*d + 27, p*d = 4*j - 26. Calculate the remainder when 7 is divided by j.
2
Suppose f + 14 = 3*d, -2*f - 3*d - 44 = -d. Let p be (1/(2/f))/(-2). What is the remainder when p*3*1 + (-16 - -15) is divided by 4?
2
Suppose k = c + 390, -1540 = 13*k - 17*k - c. What is the remainder when 1558 is divided by k?
14
Let n be ((-14)/4)/(-6 + (-143)/(-26)). Suppose g = -2*w + 316, 2*w - 4*g = -n*g + 312. What is the remainder when w is divided by 20?
19
Let i be (-6 - (-108)/20)*20. Suppose -17 = -w - 4*b, 5*w - 35 = 4*b + 74. Let h = w + i. What is the remainder when h is divided by 7?
2
Let a(m) = 7*m + 22. Let o be a(-2). Suppose o*f = 19*f - 44. What is the remainder when 6 is divided by f?
2
Let x(q) = 43*q - 1674. Calculate the remainder when 4089 is divided by x(41).
84
Suppose 32 = s + 3*s. Suppose -8*f = -3*f + 10. Calculate the remainder when ((-30)/12)/(f/12) is divided by s.
7
Let t(r) = -194*r - 841. What is the remainder when t(-6) is divided by 57?
38
Suppose -j = -5*j - 32. Let y be -151*(24/(-20) - 24/30). What is the remainder when (j - y)*(-2)/5 is divided by 32?
28
Suppose -119 - 2327 = -218*g + 388. What is the remainder when 99 is divided by g?
8
Let j(z) = -z**2 - 37*z - 98. Calculate the remainder when 548 is divided by j(-32).
52
Let h(k) = 24*k**2 + 2*k + 1. Let z be h(-2). Let o = -61 + z. Let g(w) = w**3 - 18*w**2 + 68*w + 209. Calculate the remainder when g(9) is divided by o.
28
Let i be (-2 - (2 - 24))*(-7 + 5). Let w be 16/i + ((-36)/(-5))/3. Suppose -2*d + 9 = 3*m, 2*m = -w*d - d + 26. What is the remainder when 67 is divided by d?
7
Let u(w) = 629*w - 2490. Let l = 187 + -110. Calculate the remainder when l is divided by u(4).
25
Let l = -527 - 411. What is the remainder when 139 is divided by (-4)/6 + (l/(-21) - 1)?
10
Let b be (950/(-57))/((-4)/6). Let y be 60/b*10/4. What is the remainder when 42 is divided by (22/y)/(4/12)?
9
Let z(j) = 3*j**2 - 11*j - 21. Let v = -363 - -361. Calculate the remainder when 140 is divided by z(v).
10
Suppose -2*d - d + 222 = 0. Let p = -703 + 707. Suppose 3*n + p*x = -0*n + 33, 2*x = 3*n 